(-2)/(-1)). Suppose 12 = l + 3*w - y, 2*l = -w + 14. Suppose h - 5 = -1. Calculate the remainder when l is divided by h.
2
Let y = -7 - -12. Suppose y*r + 20 = 7*r. Suppose -3*c + 18 = 5*k, 2*c - 2 + 34 = 4*k. What is the remainder when r is divided by k?
4
Suppose 4*v = -4 + 8. Calculate the remainder when 96 + (-3 + 1 - v) is divided by 24.
21
Let t = -10 + 12. Suppose 4*k - 12 = -0*k. What is the remainder when k is divided by t?
1
Suppose 2*h = q + 4*h - 27, 3*q = -4*h + 85. Let o = 24 - 15. Let i = 25 - o. Calculate the remainder when q is divided by i.
15
Suppose 4*u - 4 = 4. Suppose 2 = 2*d, 8*y - 3*y - u*d = 198. Calculate the remainder when y is divided by 14.
12
Suppose 0*u = 2*u. Let d be u/(0 - 1) + -3. Calculate the remainder when 28 is divided by 1 - 2 - 48/d.
13
Let r(b) = -b**3 + 11*b**2 + 5*b - 1. Let f(n) = 4*n - 13. Let v be f(6). Let m = -33 - -47. Calculate the remainder when r(v) is divided by m.
12
Suppose -7*m - 4 = -9*m. Calculate the remainder when 4 is divided by m.
0
Suppose -3*y = -1 - 17. Calculate the remainder when 14 is divided by y.
2
Suppose 2*q + 413 = 5*i - 2*q, -2*i = -2*q - 166. What is the remainder when i is divided by 17?
13
Suppose -5*v - 4*b = -4*v - 12, 5*v + 5*b = 45. What is the remainder when 53 is divided by v?
5
Suppose -3*n + 168 = 3*p, 5*p - 50 - 239 = -2*n. What is the remainder when p is divided by 23?
13
Suppose 0 = -g - 4*f - 11, 2*f + 4 = -2*g - 0. Let v = g + 15. Let x = -8 + v. What is the remainder when x is divided by 3?
2
Let t = -64 + 111. Calculate the remainder when t is divided by 24.
23
Let p = -85 + 104. What is the remainder when 37 is divided by p?
18
Suppose -g = 3*w + g - 38, -2*w - 4*g + 20 = 0. Let l = 45 + w. Calculate the remainder when l is divided by 15.
14
Let z be (3 - 0) + 0 + 0. Let l(j) = -j**2 + 5*j - 1. What is the remainder when 14 is divided by l(z)?
4
Suppose -4*t + 116 = 3*n + t, -n - 5*t + 32 = 0. Suppose 43 = 5*q - n. Suppose 0*i = i - 50. What is the remainder when i is divided by q?
16
What is the remainder when ((-1)/(-2))/((-6)/(-684)) is divided by 10?
7
Suppose -44 = -4*l + 52. Suppose -a + l = -2*a. Let p = a + 35. Calculate the remainder when 31 is divided by p.
9
Let c = -46 - -92. Calculate the remainder when c is divided by 17.
12
Let d(g) = 3*g - 7. Let a(w) = 4*w - 8. Let o(i) = -2*a(i) + 3*d(i). Calculate the remainder when o(8) is divided by (-4)/14 - 32/(-14).
1
Let c(a) = -a**3 - a**2 - a + 2. Let w be c(0). Suppose -m = -u + 7 + 7, 3*u = -w*m + 22. Calculate the remainder when 6 is divided by u/3 - (-4)/6.
2
Let j be (-4)/(-18) - 516/(-108). Suppose 5*z - 93 = -p, -j*p - 4 = 6. What is the remainder when 37 is divided by z?
18
Suppose 2*w = 6, 4*n - n = -3*w + 48. Suppose -18 + 3 = -3*k. What is the remainder when n is divided by k?
3
Let g = 8 + -2. What is the remainder when 35 is divided by g?
5
Let t(y) = -y**3 - 16*y**2 + 20*y + 62. What is the remainder when 20 is divided by t(-17)?
9
Let q = -22 - -39. What is the remainder when 65 is divided by q?
14
Let f(n) = n**3 + n**2 + 2*n - 1. Let w(o) = 3*o**2 + o. Calculate the remainder when f(2) is divided by w(1).
3
Let q = 49 - 82. Calculate the remainder when (q/12)/(3/(-12)) is divided by 4.
3
Suppose -2*a - 29 = -5*d - 0*d, 4*a = -d - 25. Let y(h) = h**3 + 8*h**2 + 5*h - 1. Calculate the remainder when 37 is divided by y(a).
11
Suppose 4*r - 3*j = 30 + 31, -79 = -5*r + j. Let u be 4 + (-3)/(6/28). Let t = r + u. Calculate the remainder when t is divided by 4.
2
Let f(z) = 63*z**3 - 2*z**2 + 1. Suppose 3 + 1 = 4*b. Calculate the remainder when f(b) is divided by 21.
20
Suppose g + b - 9 + 0 = 0, g = 4*b + 9. What is the remainder when 16 is divided by g?
7
Calculate the remainder when 64 is divided by (-3 - (-1 + -3))*13.
12
Let c(o) = -o + 2. Let k(b) = b**2 + 11*b + 13. Let q be k(-9). Calculate the remainder when c(-6) is divided by -4 - q/((-10)/(-18)).
3
Let c(o) = -o**3 + 26*o**2 - 25*o + 21. Calculate the remainder when 82 is divided by c(25).
19
Let y(l) = 5*l**2 - 3*l + 2. Calculate the remainder when 30 is divided by y(2).
14
Let y(p) = -p. Let m be y(4). Calculate the remainder when 13 is divided by 2*(-5)/m*2.
3
Let u(h) be the second derivative of h**3/6 + h**2 + 9*h. Calculate the remainder when 9 is divided by u(0).
1
Let d(l) = 13*l**2. Suppose -y + 3*g + 52 = -g, -4*g + 128 = 4*y. What is the remainder when y is divided by d(-1)?
10
Suppose -3*v - 2*i = -86 - 197, -3*v + 4*i + 271 = 0. What is the remainder when v is divided by 24?
21
Suppose 65 = 2*h - 169. Let u(o) = -o**3 - 3*o**2 - 5*o + 5. Let z be u(-5). Let b = h - z. Calculate the remainder when b is divided by 13.
11
Let m = 0 + -2. Calculate the remainder when 266/7 - (0 + -1) is divided by 1/m - 41/(-2).
19
Suppose k - 119 = 5*g, g + 12 + 7 = 5*k. Let r = g + 42. Calculate the remainder when r is divided by 5.
3
Let v = -76 + 119. Suppose 0 = 2*y + 1 + 3, 4*x = 4*y + 20. Suppose 0 = -d + j + 15, -x*d + 4*j + v = -4. What is the remainder when d is divided by 7?
6
Suppose -n + 2*n = 29. Suppose -3*z + n + 22 = -3*m, 103 = 4*z + 3*m. What is the remainder when z is divided by 12?
10
Suppose -2*y - y = -48. Calculate the remainder when -1 - 5*-9 - -2 is divided by y.
14
Suppose -3*p + 42 = -0*p. Suppose 32 = 2*r - 8. Suppose r = 2*u + 2*u. What is the remainder when p is divided by u?
4
Suppose 3*g = 4*g - 74. Suppose j = -4*j + 5*h + 65, -5*j + g = 4*h. What is the remainder when 187/7 - (-2)/7 is divided by j?
13
Suppose y - 10 = -y. Suppose 5*v = 5*k - 35, -4*k = -y*v - 17 - 21. Let d = -3 - v. What is the remainder when 13 is divided by d?
6
Suppose 0 = -3*p + u - 9, 3*u + 17 = -2*p - 0*u. What is the remainder when 37 is divided by p/(-12) + 56/3?
18
Suppose 4*i = -l - 0*i + 18, -21 = -3*l - i. Suppose 6*v - 3*v - l = 0. Calculate the remainder when 5 is divided by v.
1
What is the remainder when 73 - (-5 - 4/(-4)) is divided by 20?
17
Let s(r) = -r**2 + 8*r + 1. Suppose 2*t = 4*t - 12. Let k = 41 - 16. What is the remainder when k is divided by s(t)?
12
Suppose 6*l = l + 3*p + 19, 0 = 2*l - 4*p - 16. Suppose -4*g + l = -6. What is the remainder when 4 is divided by g?
0
Suppose -7 = -2*w + 5. What is the remainder when 27 is divided by w?
3
Suppose 0*m = m + 4. Let y(v) = -2*v - 6. Let g be y(m). Suppose -2*r + 3 = g*l + 3*l, -3*l - 18 = -r. What is the remainder when 16 is divided by r?
7
Let p = -5 + -1. Let b be (6 + p)/(4/2). Calculate the remainder when -1 + b/3 - -13 is divided by 7.
5
Let z(u) = -24*u + 1 + 25*u + 3. Suppose -5*a + 5*s + 8 + 17 = 0, -4*s = a - 10. Calculate the remainder when a is divided by z(0).
2
Let g(a) = a**3 - 5*a**2 - a - 7. Calculate the remainder when 45 is divided by g(6).
22
Let y be 2/4 + 321/6. Let q = y + -30. What is the remainder when 71 is divided by q?
23
Suppose -d - 4*g = 9, g - 47 = -2*d + 6*g. Let t = 28 + -9. What is the remainder when t is divided by d?
8
Let j(d) = -d**3 - 4*d**2 - 2. Let o = -5 + 7. What is the remainder when j(-5) is divided by (-210)/(-27) + o/9?
7
Suppose 2*r + 2*w = 17 + 27, -5*w = -r - 2. What is the remainder when 28 is divided by r?
10
Suppose 64 = 5*h - 6. What is the remainder when 53 is divided by h?
11
Suppose -3*p + 3 - 24 = 0. Let f(m) = -m**3 - 7*m**2 - 6*m + 10. Let w be f(p). Let b = w - 29. What is the remainder when b is divided by 12?
11
Suppose -b + 22 = -0*b. Let u be (-2 + 5)*(0 - -1). Suppose -u*r + 12 + 24 = 0. Calculate the remainder when b is divided by r.
10
Let l be -3 + 0 + 0 + 2. Let n = 7 + l. What is the remainder when 9 is divided by n?
3
Let g be (4 + -2)/2*5. Suppose g*i = f + 4*f - 65, 2*f = 5*i + 17. Calculate the remainder when 31 is divided by f.
15
Let v = 29 + -9. Let s = v - -2. Calculate the remainder when 65 is divided by s.
21
Suppose 2*v - 182 = -0*v. Calculate the remainder when v is divided by 23.
22
Suppose 0 = 2*o - o - 16. Calculate the remainder when -2 + 49 + -2 + 1 is divided by o.
14
Let b = -12 + 20. Suppose b*s = 3*s + 65. What is the remainder when 24 is divided by s?
11
Let k be 2*-1*26/(-4). Suppose 0 = -5*m - 3 + k. Suppose 0 = h - 36 + m. What is the remainder when h is divided by 18?
16
Let k(s) = -4*s + 1. Let j = -2 + 11. Suppose 0 = 5*f + j - 4. Calculate the rema